. Calculate the highest common factor of u and 320.
20
Suppose 0 = c - 4*c - 54. Let z be ((-64)/20)/(c/135). Suppose 5*p = 0, 2*p - 108 = -3*k - p. Calculate the greatest common divisor of k and z.
12
Let h be ((-46)/(-6))/((-5)/(-75)). Let g = 112 - h. Let o be 302 + g/((9/6)/(-1)). What is the greatest common divisor of 38 and o?
38
Let o be -6 + 1 + 3 - 4/(-1). Suppose 0 = -2*v - o*u + 76, 5*u + 9 = 5*v - 151. Let x = -23 + v. Calculate the highest common factor of 4 and x.
4
Let h = 22078 + -17907. What is the greatest common factor of h and 215?
43
Suppose 5*q + 40 = 0, 11*f - 108968 = 8*f - 2*q. Calculate the greatest common divisor of 19 and f.
19
Suppose 2*d + 367 = 5*x, 180*x - 177*x + 2*d = 233. What is the highest common divisor of 11400 and x?
75
Let v(h) = -h**3 - 10*h**2 + 15*h + 4. Let j be v(-12). Let l = -103 + j. What is the highest common factor of 63 and l?
9
Suppose -2*m = k - 203, -4*m - 440 + 42 = -2*k. Let y(r) = -111*r**2 - 1222*r - 8. Let n be y(-11). Calculate the greatest common factor of n and k.
3
Let r(g) = g**3 - 19*g**2 + 2. Let f be r(19). Suppose f*i + x - 30 = -x, -3*i + 4*x + 45 = 0. Calculate the highest common divisor of 3 and i.
3
Let b(v) be the first derivative of 11*v**2/2 + 28*v - 3. Let r be b(16). Suppose -o = 2*o - r. What is the highest common divisor of o and 51?
17
Suppose -3*a - 11 = -29. Suppose a*b = 16*b - 4070. What is the greatest common divisor of 37 and b?
37
Let k = 27924 + -27898. Let m(n) = 285*n**2 + n. Let s be m(1). What is the greatest common factor of s and k?
26
Suppose -30 = -2*w - 2. Let d be 18/(-63) + 1894/w. Calculate the highest common factor of 54 and d.
27
Suppose 10*s - 14 = 66. Suppose -181 = -5*r - 6*a + s*a, -5*r - a + 187 = 0. Calculate the highest common divisor of r and 592.
37
Let l = 49 - 45. Suppose -229 = -2*z - p, 5*z + l*p - 452 = z. Suppose 6*u - z = 46. What is the highest common factor of 243 and u?
27
Let w(y) = -12*y - 636. Let k be w(-71). What is the greatest common divisor of k and 40?
8
Suppose 2*d - 1653 = 4*y - y, 5*y - 820 = -d. Suppose -174 - d = -9*j. Calculate the highest common divisor of j and 37.
37
Let f(m) = 2*m**2 + 3*m + 44. Let o = -4 + -3. Let k be f(o). Suppose -5*r = -k - 24. Calculate the highest common factor of r and 232.
29
Let p be -1 - 5/(-9) - 643141/(-5571). Calculate the greatest common factor of 65 and p.
5
Let t = -9397 + 9433. What is the greatest common factor of 738 and t?
18
Let o(w) = -18*w + 44. Let m be (4 - (-1 - -5)) + -3. Let p be o(m). What is the highest common divisor of p and 21?
7
Let d = 17 + 4. Suppose 26*g - 5*l = 27*g - 184, -5*g + 4*l + 949 = 0. Calculate the greatest common factor of g and d.
21
Let o(j) = -57*j**2 + 1 + 3*j + 62*j**2 + 2*j - 7*j. Let u be o(1). Suppose 83 = u*z - 1. What is the greatest common divisor of 42 and z?
21
Let j = -468 + 676. Let q = 7146 - 7133. Calculate the greatest common factor of j and q.
13
Suppose 5*c = 3*d - 0*c - 651, 15 = -5*c. Let g(n) = -10*n**2 - 4*n + 1. Let k be g(-4). Let s = d + k. What is the greatest common divisor of 23 and s?
23
Let t be 18/8 - (-98)/(-112)*-2. Calculate the highest common divisor of t and 2484.
4
Let a be 30/(-8)*(-6 + -16 + 10). Suppose -360 = -0*i - 2*i. What is the highest common divisor of i and a?
45
Let x = 1079 + 13169. Calculate the highest common factor of x and 312.
104
Suppose 8820 = 93*l + 12*l. What is the greatest common divisor of 208 and l?
4
Let w be 1/(2 + 55/27 - 4). Suppose -7*g - w = -76. Let b(y) = y**2 - 5*y + 11. Let v be b(11). What is the highest common factor of g and v?
7
Suppose -94 = -3*x - 3*d - 37, 3*d - 80 = -4*x. Calculate the greatest common factor of x and 3795.
23
Suppose -s = -1, 2*s = -m - 30 + 557. What is the highest common divisor of m and 100?
25
Let y be -5*((-4)/(-20) + -3 + 2). Let m be (-9)/(3 - y) - 2. Suppose 4*w - 3*j = 5*w - 26, 2*w - 2*j = 76. What is the highest common divisor of m and w?
7
Suppose 262*o - 21320 = 128*o + 130*o. Calculate the highest common factor of 260 and o.
130
Suppose -3*f + 11 = -3*t + 29, -4*t - 3*f = -66. What is the highest common divisor of 16908 and t?
12
Let m(d) = -443*d - 682. Let s be m(-14). Calculate the greatest common factor of 80 and s.
80
Suppose 116*u = -50*u + 117860. What is the greatest common factor of u and 30?
10
Let r be 7/6*(13 - 1)/2. Let j(h) = 6*h**2 - 42*h + 15. Let o be j(r). Calculate the highest common factor of o and 240.
15
Let q(b) = b**3 + 5*b**2 - 8*b - 1. Let z be q(-6). Let j be -8 - (-7 + (-42 - -8)). Calculate the highest common factor of z and j.
11
Suppose 0 = 2*a - 5*h - 16, 3*a + h = 23 + 1. Suppose -p - 4 = -g + 2*p, -2*p = -a. What is the highest common factor of 8 and g?
8
Suppose -2*z + 15175 = -5*q, 5*z + 45*q - 37895 = 49*q. What is the greatest common factor of z and 30?
15
Let d(n) = -6*n**3 + 3*n**2 + 7*n + 60. Let y be d(-5). What is the highest common divisor of y and 1445?
85
Let u be (-1 + 1 - 452*-8)*1431/954. What is the highest common divisor of 192 and u?
48
Let x(w) = 4*w + 165. Let p be x(6). Suppose 3*n = -3*a - 15, -4*n = 3*a + 2*a + 25. Let c be (-12)/(-4 - n)*7. What is the highest common divisor of p and c?
21
Let c(f) = 65*f**2 - 5*f - 3. Let i be c(-2). Suppose -327 - i = -33*k. What is the highest common factor of 2 and k?
2
Let z be -2*48/(-20)*(-80)/(-6). Let g = z + 1. Calculate the highest common factor of g and 260.
65
Let b be 0/(-1) - (-56 - 1). Let p = -82381 + 83008. Calculate the highest common factor of b and p.
57
Suppose -1 = -s, -4*p + 5*p = s + 98. Let n = p + -89. What is the highest common divisor of 160 and n?
10
Let z(b) = 24*b**3 + 9*b - 11. Let t be z(2). Suppose -5*r - l + 335 = 0, 0 = 3*r - 3*l + 4*l - t. Calculate the greatest common factor of r and 4.
4
Let w be ((-1618)/(-4) + -1)/(-19*(-21)/2394). Calculate the highest common divisor of 27 and w.
9
Let l(i) = 2*i + 106. Let a be l(-39). Let y be -2*a/8 - -68. What is the highest common factor of y and 244?
61
Suppose -11*n + 1554 = 564. What is the highest common divisor of 1152 and n?
18
Suppose i = 4*p - 207, -3*i + 4*p - 173 - 464 = 0. Let w be 0/1 - (i + 32). Calculate the highest common factor of w and 6.
3
Let j be (-478 + 24)/(4/(-40)). What is the greatest common divisor of 20 and j?
20
Let k be (-7894)/(-7) - (2 - 32/14). Let u be k/96 + (-10)/(-8). Calculate the highest common factor of u and 1.
1
Let r(y) = 13*y**2 - 4*y + 1. Let n be r(-2). Let b = n - 55. Let m = b + -5. Calculate the greatest common factor of m and 8.
1
Let n = 67 - -16. Let z = 308 - n. Calculate the greatest common divisor of z and 45.
45
Let v = -604 + 668. What is the highest common factor of v and 28?
4
Let p = 8339 + -7549. What is the greatest common factor of 3002 and p?
158
Let z be (196/5)/(955/(-900) - (-160)/144). Calculate the greatest common divisor of 343 and z.
49
Let s = 54 - 38. Let f = -23356 - -23362. What is the greatest common factor of f and s?
2
Let h(i) = -38*i + 22*i**2 + 13*i + i**3 - 25*i - 18. Let c be h(-24). Calculate the greatest common factor of c and 45.
15
Suppose -2*w = -3*w + 36. Let x(v) = 22*v - 3. Let t be x(4). Let a = 121 - t. What is the greatest common factor of w and a?
36
Let f = -574 - -382. Let d be f/(-15)*(-10)/(-4) + -3. What is the highest common factor of d and 29?
29
Suppose 9*k = 6*k + 3*y + 33, -15*y = 120. What is the highest common divisor of 669 and k?
3
Suppose o - 4 = 0, -160 = -j + o - 149. Let l(b) = 3*b - b - 35 + 19*b**2 + 38. Let n be l(-2). Calculate the highest common divisor of j and n.
15
Suppose 0 = 23*s + 29 - 144. Suppose 1294 = s*n - 3*o - 1188, -5*o - 2480 = -5*n. What is the highest common divisor of n and 7?
7
Suppose -148*y = -155*y + 14. Suppose 10 = 5*s, y*s + 393 = d + 78. Calculate the highest common factor of d and 58.
29
Let n = 3050 - -545. Calculate the greatest common factor of n and 5.
5
Let q be ((-24)/(-48))/((-2)/(-3328)). Let l be ((-75)/(-45) + (-1)/6)*1560/45. What is the highest common factor of q and l?
52
Suppose -4*x - 954 = -3*v, 450*x - 446*x = 4*v - 1264. What is the greatest common divisor of v and 2666?
62
Suppose -170*m + 167*m - 9 = 0. Let s be -7*((-50)/(3 - -2) - m). What is the greatest common divisor of s and 49?
49
Le